 = -o**3 - 9*o**2 - o + 8. Give p(r).
17
Let b(r) be the third derivative of r**5/30 + r**4/24 + 5*r**2 + r. Let q(p) = -2*p - 15. Suppose -2*w = 7 + 7. Let c be q(w). Give b(c).
1
Suppose 2*v = -2*s + 28, 50*v - s = 49*v - 4. Let w(q) = -2*q**2 + 19*q - 13. Let h(u) = u**2 - 9*u + 6. Let k(n) = -5*h(n) - 2*w(n). Determine k(v).
6
Let r(k) = -244*k**2 + 245*k**2 + 431 + 141 + 62*k. Calculate r(-51).
11
Let n(u) = 5*u + 47. Let g(v) = -5*v - 48. Let w(b) = -4*g(b) - 5*n(b). Determine w(-17).
42
Let x(b) = b**2 - 6*b - 1. Let i = 256 - 224. Suppose -2*s - 15 = -h - 1, 5*s = 2*h - i. Determine x(h).
-1
Suppose -3*p - 4*n + 46 = 0, -12*p - 4*n + 32 = -10*p. Let l(w) = -33 - p*w + 36*w + 32. Give l(1).
21
Let f(j) be the second derivative of 1/20*j**5 - 4/3*j**3 - 8*j + 0 - 5*j**2 + 7/12*j**4. Suppose -64*m - 21*m = 680. Give f(m).
-10
Let k(n) = 8*n + 53. Let m be (2 - (-45)/30)/(((-5)/10)/1). Calculate k(m).
-3
Let t = -4 + 7. Let r(i) = -18*i**3 + 0 + 3*i**t - 2*i + 1 + i**2. Suppose 29*j - 12 = 17. Determine r(j).
-15
Let u(j) be the first derivative of -j**3/6 - 13*j**2 + 20*j + 102. Let d(k) be the first derivative of u(k). Give d(-22).
-4
Let p be (-1060)/(-3)*8/((-96)/18). Let z = p - -532. Let k(j) = 4*j**2 - 4*j + 3. Calculate k(z).
11
Let z be (-3)/(-2) - 3915/(-90). Let s(j) = 81*j + 6 - z*j - 37*j. Calculate s(5).
1
Let z(n) = -2*n**2 - 24*n + 18. Suppose -452 = -3*b - j - 485, 0 = b + 4*j - 11. What is z(b)?
-8
Let n(h) = -h + 15 - 31 + 11*h. Let p be n(4). Let u(f) = p + f + 2*f - 23 - f. What is u(-2)?
-3
Suppose 571 = -h - 38. Let c = h - -606. Let p(y) = 2*y + 4. What is p(c)?
-2
Let q = -26 + 29. Suppose 0 = 5*m, -1 = -p + q*m + m. Let w(j) = 49*j**2 + 5*j + 3. Let z(f) = 24*f**2 + 3*f + 2. Let g(y) = 3*w(y) - 5*z(y). Determine g(p).
26
Suppose -57*r + 60*r - 4*x = 8, -r = -5*x - 10. Let q(t) = 11*t. Give q(r).
0
Let w(p) = -2*p**2 + 7*p + 1. Let o be -90*(30/(-12))/5. Let a = -39 + o. Determine w(a).
-29
Let t be (9/36)/((-23)/276). Let f(n) = -n + 1. Let d(h) = -2*h + 2 + 0*h - 2*h. Let r(j) = -2*d(j) + 7*f(j). Calculate r(t).
0
Let f(x) be the first derivative of -x + 1/4*x**4 - 7/3*x**3 + 3 + 4*x**2. Suppose h + 433 = 439. What is f(h)?
11
Suppose 0 = 2*q + 32 - 36. Suppose -2*n - 2*n - q*j + 28 = 0, n = -5*j + 7. Let b(h) = 0 + 3 - 7*h**2 + h**3 + 5 + 0. Calculate b(n).
8
Let r(g) = -4*g**3 + 265*g**2 + 56*g + 13. Let b(n) = n**3 - 59*n**2 - 13*n - 3. Let p(t) = 9*b(t) + 2*r(t). Suppose 9 + 3 = 3*s. Calculate p(s).
27
Let a(b) = 35*b**2 + 47*b - 543. Let i(h) = 18*h**2 + 1. Let k(l) = -a(l) + 2*i(l). What is k(21)?
-1
Let x(p) = -632*p - 632*p - 619*p - 631*p - 2 + 2481*p. What is x(-1)?
31
Suppose -4*n = n + 30. Let l(s) = s**2 + 86*s - 3. Let f(g) = -g**2 - 127*g + 5. Let m(q) = 2*f(q) + 3*l(q). What is m(n)?
13
Let j(z) be the second derivative of -1/3*z**3 + 27*z - 3*z**2 + 0. Let t be j(0). Let u(v) = v + 1. What is u(t)?
-5
Let m(c) = -5*c + 2*c - 8 + 5*c + c + 6. What is m(-6)?
-20
Let h(u) = -u**3 + 25*u**2 + u - 25. Let x = 689 - 664. Determine h(x).
0
Suppose -40*a + 747 = 43*a. Let l = 2 + 9. Suppose l = -2*g + a. Let c(i) = -5*i - 1. Determine c(g).
4
Let o(t) be the second derivative of -t**3/3 - 5*t**2 + 12*t - 4. Let u be (-18)/15*(-10)/4. Let i = u - 11. What is o(i)?
6
Let z(f) = f**3 + 9*f**2 - 3*f + 12. Suppose 116 - 256 = 52*m + 224. Give z(m).
131
Let b(k) be the first derivative of k**4/4 + 14*k**3/3 + 15*k**2/2 + 25*k - 163. Let v be b(-13). Let w(y) = -8*y**2 - 2*y - 1. Give w(v).
-7
Let d(t) = -1 + 3*t**2 + t**3 + t + 0 - 2*t**2. Let f be d(1). Let o(g) be the second derivative of -7*g**3/6 + g + 16. Give o(f).
-14
Let q(d) = -8*d**3 - 2*d**2 - 5*d + 3. Let w be q(-2). Let s(g) = -w*g - 71*g + 4 + 139*g - 3. Calculate s(9).
-8
Let r(a) = a**3 - 7*a**2 - 5*a + 58. Let j(x) = 400*x + 14404. Let b be j(-36). Give r(b).
-10
Let i be (-36)/72*(-2 + 16) - -10. Let u(j) be the first derivative of 10*j + 5 - 7/3*j**i + 1/4*j**4 - 3/2*j**2. Calculate u(7).
-11
Suppose -3*r - 2*g + 241 = 0, -3*g + 5*g + 174 = 2*r. Let b(l) = -66*l**2 + 4*l - l - 2*l + r*l**2. Calculate b(1).
18
Let w(p) = 2*p - 10. Let c(r) = -2*r**2 + 35*r + 14. Let f be c(18). Let s be (-9)/(-18) + 30*(-1)/f. Determine w(s).
6
Let g = -55 - -106. Let o = -45 + g. Let x(n) = 6*n - o*n - 2*n - 13 + 3*n. What is x(0)?
-13
Let w(t) = 4*t. Suppose 5*v = -2*f + 9, -5*v = -0*f + f - 7. Let u be v*-3 - (-33 + 40). Calculate w(u).
-40
Let n(z) = -z**3 + 7*z**2 - 6*z + 1. Suppose 5*w - 67 - 183 = 0. Let d = 66 - w. Suppose -4*l - 3*q + q + 28 = 0, -3*l + q + d = 0. Give n(l).
1
Let m(l) = -7*l + 175. Let o be m(24). Let q(u) = 8*u - 72*u**2 + 22*u**2 - 4 + 20*u**2 + 29*u**2. Determine q(o).
3
Suppose -2*m = 3*m + 5. Let d(b) = b**3 - b**2. Let s(f) = 3*f**3 + 68 - f**2 + 67 - 2*f**2 - 134. Let a(x) = -2*d(x) + s(x). Give a(m).
-1
Let y(j) = 10*j - 3. Let a(t) = t - 1. Let x(m) = 3*a(m) - y(m). Let h be (-1)/(-8) - (7 + 906/(-48)). Let c be 6/h - 18/(-12). Give x(c).
-14
Let y(a) = -2*a**3 - 2*a**2 + 1. Let n(c) = 16*c**3 + 9*c**2 + 3*c - 3. Let r(k) = -n(k) - 7*y(k). Calculate r(2).
-6
Let j be (30/8)/(560/1344). Let n(w) = -j + 134*w + 135*w - 270*w. Give n(9).
-18
Let x(s) = -s**3 + 2*s**2 + 2*s + 1. Let g(u) = 4*u**2 - 13*u - 10. Let q be g(4). What is x(q)?
5
Let n(p) = -8*p**2 + 9*p - 19. Let r(a) = 7*a**2 - 9*a + 18. Let t(b) = -6*n(b) - 7*r(b). Suppose -4*y - 3*c + 26 = -9, -3*c - 29 = -4*y. Give t(y).
-4
Let j(k) = k**2 + 10*k + 9. Suppose 2*f - l + 31 = 688, 2*f - 653 = -3*l. Suppose -f = -0*d + 41*d. Determine j(d).
-7
Let a be 4 + -6 + 8 + 1. Let s(g) = -21*g + 11*g - 7 - 3 - 3*g. Let p(h) = -5*h - 5. Let k(u) = 5*p(u) - 2*s(u). Determine k(a).
2
Let i(z) = z**2 + 10*z + 11. Suppose -36*k - 26*k - 546 = 12. Give i(k).
2
Let o(v) = -v**3 - 4*v**2 + 2*v + 4. Let j = 33 + -31. Let g(f) = 0 + 6*f**j + 2 - 7*f**2 + 15*f + 10. Let a be g(16). Give o(a).
-4
Let d(y) = -15*y**3 - y**2 - y - 1. Let g = 75 - 67. Let i = 108 + -109. Let m be (i/(-2))/((-4)/g). Give d(m).
14
Let y(x) be the first derivative of x**2/2 - 4*x + 6. Let z(u) = -u**3 - 90*u**2 + 95*u + 359. Let j be z(-91). Calculate y(j).
-9
Let a(m) be the third derivative of -1/3*m**3 + 0*m - 1/12*m**4 + 0 - 8*m**2. Suppose -2 + 5 = -b. Give a(b).
4
Let f(s) = -2278 - 2*s - 4*s + 5*s - 2284 + 4559. Let g = 0 + 5. Suppose -g*m - 7 = y, -m + 6*m = -10. Give f(y).
-6
Let b(o) = 0 - o**3 + 0 + 4*o**2 + 0 + 5*o. Let u = -466 - -471. Give b(u).
0
Let h(g) = -g**3 + 40*g**2 + 84*g + 24. Suppose 3*y - 5*c - 156 = 0, -33*y = -30*y - 3*c - 144. Calculate h(y).
24
Let l = -3 - -9. Let k(y) be the first derivative of -y**3/3 + 4*y**2 - y - 8474. Calculate k(l).
11
Let g = -932 + 936. Let r(j) = -j**3 + 5*j**2 + j - 32. Determine r(g).
-12
Let p(i) be the second derivative of -i**5/20 + 7*i**4/12 + 3*i**3 - 8*i**2 + 89*i + 9. Give p(8).
64
Let j(t) be the first derivative of -t**4/12 + 5*t**3/6 - t**2/2 + 71*t + 76. Let l(d) be the first derivative of j(d). Determine l(5).
-1
Let i be 2*(-5 + 25/10). Let f(k) = 4*k - 4 - 4 + 3*k - 9*k. Determine f(i).
2
Suppose -39 = -4*c + 21. Suppose -c*r = -17*r + 90. Let k = r + -50. Let b(n) = n**2 + 4*n + 1. Calculate b(k).
6
Let v(y) = -2*y**2 - y + 17. Suppose 13*t + 161 - 77 = -t. Give v(t).
-49
Let y(w) = 4*w + 36. Let f(j) = -j + 7. Let p(d) = -15*f(d) + 3*y(d). Give p(3).
84
Let s = -11 - -6. Let d = s + 9. Let m(b) = b**3 - 7*b**2 + 4*b + 3. Let h(w) = -2*w**3 + 15*w**2 - 9*w - 8. Let y(k) = -3*h(k) - 7*m(k). Determine y(d).
-1
Suppose 2*s - 24 = 4*u, 0 = 3*s + 5*u + 3 - 6. Let z(m) = s*m + 26 + 1 + 2*m - 7*m. What is z(-20)?
7
Suppose 11 = i - 5*q - 4, 0 = -3*i - q + 93. Let u(y) = 2*y**2 - y. Let j be u(-2). Suppose -j*o = -5*o - i. Let h(w) = -w**3 + 7*w**2 - 9*w + 2. What is h(o)?
-16
Let c be ((-276)/(-6))/1*(-9)/6. Let n be (c + 1)*(4 + 204/(-48)). Let l(a) = -a**2 + 17*a + 9. What is l(n)?
9
Let f(x) = 2 + 84*x - 7 - 83*x + 5 - 5. What is f(5)?
0
Suppose 3*z + 403 = 217. Let c be 1/((93/z)/((-6)/4)). Let j(t) = 9*t + 2. Determine j(c).
11
Let u = -5632 - -5636. Let c(n) = n**3 - 4*n**2 - 4*n + 1. What is c(u)?
-15
Let m(g) = 42*g + 183. Let j(s) = -s**3 - 6*s**2 - 98*s - 592. Let d be j(-6). What is m(d)?
15
Suppose 0 = -4*r + 5*t - 44, -2*r +